{"id":22,"date":"2016-08-24T21:44:07","date_gmt":"2016-08-24T21:44:07","guid":{"rendered":"http:\/\/subdoman.oregrundspiren.se\/?page_id=22"},"modified":"2018-04-08T16:59:47","modified_gmt":"2018-04-08T16:59:47","slug":"kopa-salj-eller-hyra-batplats","status":"publish","type":"page","link":"https:\/\/oregrundspiren.se\/om-oregrundspiren\/kopa-salj-eller-hyra-batplats\/","title":{"rendered":"K\u00f6p, s\u00e4lj, hyr b\u00e5tplats"},"content":{"rendered":"<p>\u00c5r du intresserad av att k\u00f6pa eller hyra en b\u00e5tplats s\u00e5 kan du skriva ett meddelande om detta i kontaktf\u00f6rmul\u00e4ret p\u00e5 sidan &#8221;<a href=\"http:\/\/oregrundspiren.se\/om-oregrundspiren\/kontakt\/\">Kontakt<\/a>&#8221;, s\u00e5 kommer vi att \u00e5terkomma till dig med besked p\u00e5 vad som finns att tillg\u00e5.<\/p>\n<p>F\u00f6r medlemmar som vill s\u00e4lja eller hyra ut, s\u00e5 kan ni meddela styrelsen om detta via samma kontaktformul\u00e4r, s\u00e5 kan vi meddela de som vill k\u00f6pa eller hyra att er plats finns att tillg\u00e5.<\/p>\n","protected":false},"excerpt":{"rendered":"<p>\u00c5r du intresserad av att k\u00f6pa eller hyra en b\u00e5tplats s\u00e5 kan du skriva ett meddelande om detta i kontaktf\u00f6rmul\u00e4ret p\u00e5 sidan &#8221;Kontakt&#8221;, s\u00e5 kommer vi att \u00e5terkomma till dig med besked p\u00e5 vad som finns att tillg\u00e5. F\u00f6r medlemmar&#8230; <a class=\"more-link\" href=\"https:\/\/oregrundspiren.se\/om-oregrundspiren\/kopa-salj-eller-hyra-batplats\/\">Forts\u00e4tt l\u00e4sa &rarr;<\/a><\/p>\n","protected":false},"author":1,"featured_media":0,"parent":0,"menu_order":0,"comment_status":"closed","ping_status":"closed","template":"","meta":{"footnotes":""},"class_list":["post-22","page","type-page","status-publish","hentry"],"_links":{"self":[{"href":"https:\/\/oregrundspiren.se\/om-oregrundspiren\/wp-json\/wp\/v2\/pages\/22","targetHints":{"allow":["GET"]}}],"collection":[{"href":"https:\/\/oregrundspiren.se\/om-oregrundspiren\/wp-json\/wp\/v2\/pages"}],"about":[{"href":"https:\/\/oregrundspiren.se\/om-oregrundspiren\/wp-json\/wp\/v2\/types\/page"}],"author":[{"embeddable":true,"href":"https:\/\/oregrundspiren.se\/om-oregrundspiren\/wp-json\/wp\/v2\/users\/1"}],"replies":[{"embeddable":true,"href":"https:\/\/oregrundspiren.se\/om-oregrundspiren\/wp-json\/wp\/v2\/comments?post=22"}],"version-history":[{"count":6,"href":"https:\/\/oregrundspiren.se\/om-oregrundspiren\/wp-json\/wp\/v2\/pages\/22\/revisions"}],"predecessor-version":[{"id":126,"href":"https:\/\/oregrundspiren.se\/om-oregrundspiren\/wp-json\/wp\/v2\/pages\/22\/revisions\/126"}],"wp:attachment":[{"href":"https:\/\/oregrundspiren.se\/om-oregrundspiren\/wp-json\/wp\/v2\/media?parent=22"}],"curies":[{"name":"wp","href":"https:\/\/api.w.org\/{rel}","templated":true}]}}